{"id":32,"date":"2022-06-22T22:44:18","date_gmt":"2022-06-22T20:44:18","guid":{"rendered":"http:\/\/europeancarbon.eu\/?page_id=32"},"modified":"2026-01-09T01:12:54","modified_gmt":"2026-01-09T00:12:54","slug":"groups","status":"publish","type":"page","link":"https:\/\/europeancarbon.eu\/index.php\/groups\/","title":{"rendered":"Groups"},"content":{"rendered":"\n<h2 class=\"wp-block-heading has-text-align-center\"><strong>National Members of the European Carbon Association<\/strong><\/h2>\n\n\n\n<p class=\"has-text-align-center\">The following national carbon societies form the basis of the European Carbon Association. Click on a societies logo to visit their homepage. The European Carbon Association is not responsible for the content of these sites.<\/p>\n\n\n\n<hr class=\"wp-block-separator has-text-color has-cyan-bluish-gray-color has-alpha-channel-opacity has-cyan-bluish-gray-background-color has-background is-style-wide\"\/>\n\n\n\n<div class=\"wp-block-columns is-layout-flex wp-container-core-columns-is-layout-9d6595d7 wp-block-columns-is-layout-flex\">\n<div class=\"wp-block-column is-layout-flow wp-block-column-is-layout-flow\" style=\"flex-basis:33.33%\">\n<figure class=\"wp-block-image size-full\"><img loading=\"lazy\" decoding=\"async\" width=\"430\" height=\"223\" src=\"http:\/\/europeancarbon.eu\/wp-content\/uploads\/2025\/06\/BCG-Logo.png\" alt=\"\" class=\"wp-image-431\" srcset=\"https:\/\/europeancarbon.eu\/wp-content\/uploads\/2025\/06\/BCG-Logo.png 430w, https:\/\/europeancarbon.eu\/wp-content\/uploads\/2025\/06\/BCG-Logo-300x156.png 300w, https:\/\/europeancarbon.eu\/wp-content\/uploads\/2025\/06\/BCG-Logo-150x78.png 150w, https:\/\/europeancarbon.eu\/wp-content\/uploads\/2025\/06\/BCG-Logo-250x130.png 250w\" sizes=\"auto, (max-width: 430px) 100vw, 430px\" \/><\/figure>\n<\/div>\n\n\n\n<div class=\"wp-block-column is-layout-flow wp-block-column-is-layout-flow\" style=\"flex-basis:66.66%\">\n<p class=\"has-medium-font-size\"><strong>The British Carbon Group<\/strong><\/p>\n\n\n\n<section class=\"wp-block-group is-vertical is-layout-flex wp-container-core-group-is-layout-8cf370e7 wp-block-group-is-layout-flex\">\n<p style=\"font-size:16px\">Chair: Alex Theodosiou<br><em>e-mail:&nbsp;<\/em><a href=\"mailto:alex.theodosiou@manchester.ac.uk\" target=\"_blank\" rel=\"noreferrer noopener\">alex.theodosiou@manchester.ac.uk<\/a><\/p>\n\n\n\n<p style=\"font-size:16px\">Secretary: Samantha Wilkinson<br><em>e-mail:&nbsp;<\/em><a href=\"samantha.wilkinson@uknnl.com\">samantha.wilkinson@uknnl.com<\/a><\/p>\n\n\n\n<p style=\"font-size:16px\">Treasurer: Natalia Martsinovich<br><em>e-mail:<\/em> <a href=\"n.martsinovich@sheffield.ac.uk\">n.martsinovich@sheffield.ac.uk<\/a><\/p>\n<\/section>\n<\/div>\n<\/div>\n\n\n\n<hr class=\"wp-block-separator has-text-color has-cyan-bluish-gray-color has-alpha-channel-opacity has-cyan-bluish-gray-background-color has-background is-style-wide\"\/>\n\n\n\n<div class=\"wp-block-columns is-layout-flex wp-container-core-columns-is-layout-9d6595d7 wp-block-columns-is-layout-flex\">\n<div class=\"wp-block-column is-layout-flow wp-block-column-is-layout-flow\" style=\"flex-basis:33.33%\">\n<figure class=\"wp-block-image size-full\"><a href=\"https:\/\/ptw.edu.pl\/\" target=\"_blank\" rel=\"noreferrer noopener\"><img loading=\"lazy\" decoding=\"async\" width=\"213\" height=\"56\" src=\"http:\/\/europeancarbon.eu\/wp-content\/uploads\/2022\/06\/favicon.png\" alt=\"\" class=\"wp-image-61\" srcset=\"https:\/\/europeancarbon.eu\/wp-content\/uploads\/2022\/06\/favicon.png 213w, https:\/\/europeancarbon.eu\/wp-content\/uploads\/2022\/06\/favicon-150x39.png 150w\" sizes=\"auto, (max-width: 213px) 100vw, 213px\" \/><\/a><\/figure>\n<\/div>\n\n\n\n<div class=\"wp-block-column is-layout-flow wp-block-column-is-layout-flow\" style=\"flex-basis:66.66%\">\n<p><strong>Polish Carbon Society<\/strong><\/p>\n\n\n\n<p style=\"font-size:16px\">Chair: Aneta Fr\u0105czek-Szczypta<br><em>e-mail:&nbsp;<\/em><a href=\"mailto:afraczek@agh.edu.pl\">afraczek@agh.edu.pl<\/a><\/p>\n\n\n\n<p style=\"font-size:16px\">Vice-Chair: Jacek Og\u00f3rek<br><em>e-mail:&nbsp;<\/em><a href=\"mailto:jacek.ogorek@tokaicobex.com\">jacek.ogorek@tokaicobex.com<\/a><\/p>\n\n\n\n<p style=\"font-size:16px\">Vice-Chair: Miros\u0142awa Pawlyta<br><em>e-mail:&nbsp;<\/em><a href=\"mailto:miroslawa.pawlyta@polsl.pl\">miroslawa.pawlyta@polsl.pl<\/a><\/p>\n\n\n\n<p style=\"font-size:16px\">Vice-Chair: Pawe\u0142 Szroeder<br><em>e-mail:&nbsp;<\/em><a href=\"mailto:pawelsz@ukw.edu.pl\">pawelsz@ukw.edu.pl<\/a><\/p>\n\n\n\n<p style=\"font-size:16px\">Secretary: Mateusz Kempi\u0144ski<br><em>e-mail:&nbsp;<\/em><a href=\"mailto:matt@amu.edu.pl\">matt@amu.edu.pl<\/a><\/p>\n\n\n\n<p style=\"font-size:16px\">Treasurer: Aleksandra Benko<br><em>e-mail:&nbsp;<\/em><a href=\"mailto:abenko@agh.edu.pl\">abenko@agh.edu.pl<\/a><\/p>\n<\/div>\n<\/div>\n\n\n\n<hr class=\"wp-block-separator has-text-color has-cyan-bluish-gray-color has-alpha-channel-opacity has-cyan-bluish-gray-background-color has-background is-style-wide\"\/>\n\n\n\n<div class=\"wp-block-columns is-layout-flex wp-container-core-columns-is-layout-9d6595d7 wp-block-columns-is-layout-flex\">\n<div class=\"wp-block-column is-layout-flow wp-block-column-is-layout-flow\" style=\"flex-basis:33.33%\">\n<figure class=\"wp-block-image size-full\"><a href=\"https:\/\/sfec-carbone.org\/\" target=\"_blank\" rel=\"noreferrer noopener\"><img loading=\"lazy\" decoding=\"async\" width=\"800\" height=\"278\" src=\"http:\/\/europeancarbon.eu\/wp-content\/uploads\/2022\/06\/SFEC-logo-Societe-Francophone-d-etude-des-carbones.png\" alt=\"\" class=\"wp-image-63\" srcset=\"https:\/\/europeancarbon.eu\/wp-content\/uploads\/2022\/06\/SFEC-logo-Societe-Francophone-d-etude-des-carbones.png 800w, https:\/\/europeancarbon.eu\/wp-content\/uploads\/2022\/06\/SFEC-logo-Societe-Francophone-d-etude-des-carbones-300x104.png 300w, https:\/\/europeancarbon.eu\/wp-content\/uploads\/2022\/06\/SFEC-logo-Societe-Francophone-d-etude-des-carbones-768x267.png 768w, https:\/\/europeancarbon.eu\/wp-content\/uploads\/2022\/06\/SFEC-logo-Societe-Francophone-d-etude-des-carbones-150x52.png 150w, https:\/\/europeancarbon.eu\/wp-content\/uploads\/2022\/06\/SFEC-logo-Societe-Francophone-d-etude-des-carbones-250x87.png 250w\" sizes=\"auto, (max-width: 800px) 100vw, 800px\" \/><\/a><\/figure>\n<\/div>\n\n\n\n<div class=\"wp-block-column is-layout-flow wp-block-column-is-layout-flow\" style=\"flex-basis:66.66%\">\n<p><strong>Soci\u00e9t\u00e9 Francophone d\u2019Etude des Carbones<\/strong><\/p>\n\n\n\n<p style=\"font-size:16px\">Chair: Alain Celzard<br><em>e-mail:\u00a0<\/em><a href=\"mailto:alain.celzard@univ-lorraine.fr\">alain.celzard@univ-lorraine.fr<\/a><\/p>\n\n\n\n<p style=\"font-size:16px\">Secretary: Jean-Marc Leyssale<br><em>e-mail:\u00a0<\/em><a href=\"jean-marc.leyssale@u-bordeaux.fr\" data-type=\"link\" data-id=\"jean-charles.arnault@cea.fr\">jean-marc.leyssale@u-bordeaux.fr<\/a><\/p>\n\n\n\n<p style=\"font-size:16px\">Treasurer: Nicolas Batisse<br><em>e-mail:\u00a0<\/em><a href=\"mailto:nicolas.batisse@uca.fr\">nicolas.batisse@uca.fr<\/a><\/p>\n<\/div>\n<\/div>\n\n\n\n<hr class=\"wp-block-separator has-text-color has-cyan-bluish-gray-color has-alpha-channel-opacity has-cyan-bluish-gray-background-color has-background is-style-wide\"\/>\n\n\n\n<div class=\"wp-block-columns is-layout-flex wp-container-core-columns-is-layout-9d6595d7 wp-block-columns-is-layout-flex\">\n<div class=\"wp-block-column is-layout-flow wp-block-column-is-layout-flow\" style=\"flex-basis:33.33%\"><div class=\"wp-block-image\">\n<figure class=\"aligncenter size-full is-resized\"><a href=\"https:\/\/www.dkg.de\/\" target=\"_blank\" rel=\"noreferrer noopener\"><img loading=\"lazy\" decoding=\"async\" width=\"229\" height=\"220\" src=\"http:\/\/europeancarbon.eu\/wp-content\/uploads\/2022\/06\/akk1.png\" alt=\"\" class=\"wp-image-64\" style=\"width:131px;height:126px\" srcset=\"https:\/\/europeancarbon.eu\/wp-content\/uploads\/2022\/06\/akk1.png 229w, https:\/\/europeancarbon.eu\/wp-content\/uploads\/2022\/06\/akk1-150x144.png 150w, https:\/\/europeancarbon.eu\/wp-content\/uploads\/2022\/06\/akk1-156x150.png 156w\" sizes=\"auto, (max-width: 229px) 100vw, 229px\" \/><\/a><\/figure>\n<\/div><\/div>\n\n\n\n<div class=\"wp-block-column is-layout-flow wp-block-column-is-layout-flow\" style=\"flex-basis:66.66%\">\n<p><strong>ArbeitskreisKohlenstoff (AKK)<\/strong><\/p>\n\n\n\n<p style=\"font-size:16px\">Chair: Arndt Peter Schinkel<br><em>e-mail:&nbsp;<\/em><a href=\"mailto:arndt.schinkel@icloud.com\">arndt.schinkel@icloud.com<\/a><\/p>\n\n\n\n<p style=\"font-size:16px\">Vice-Chair: Bastian J.M. Etzold<br><em>e-mail:&nbsp;<\/em><a href=\"mailto:bastian.etzold@tu-darmstadt.de\">bastian.etzold@tu-darmstadt.de<\/a><\/p>\n<\/div>\n<\/div>\n\n\n\n<hr class=\"wp-block-separator has-text-color has-cyan-bluish-gray-color has-alpha-channel-opacity has-cyan-bluish-gray-background-color has-background is-style-wide\"\/>\n\n\n\n<div class=\"wp-block-columns is-layout-flex wp-container-core-columns-is-layout-9d6595d7 wp-block-columns-is-layout-flex\">\n<div class=\"wp-block-column is-layout-flow wp-block-column-is-layout-flow\" style=\"flex-basis:33.33%\">\n<figure class=\"wp-block-image size-full\"><a href=\"https:\/\/www.gecarbon.org\/\" target=\"_blank\" rel=\"noreferrer noopener\"><img loading=\"lazy\" decoding=\"async\" width=\"231\" height=\"130\" src=\"http:\/\/europeancarbon.eu\/wp-content\/uploads\/2022\/06\/logo-grupo-espanol-carbon-gec-edited-1.png\" alt=\"\" class=\"wp-image-67\" srcset=\"https:\/\/europeancarbon.eu\/wp-content\/uploads\/2022\/06\/logo-grupo-espanol-carbon-gec-edited-1.png 231w, https:\/\/europeancarbon.eu\/wp-content\/uploads\/2022\/06\/logo-grupo-espanol-carbon-gec-edited-1-150x84.png 150w\" sizes=\"auto, (max-width: 231px) 100vw, 231px\" \/><\/a><\/figure>\n<\/div>\n\n\n\n<div class=\"wp-block-column is-layout-flow wp-block-column-is-layout-flow\" style=\"flex-basis:66.66%\">\n<p><strong>Grupo Espa<\/strong><strong>\u00f1ol del Carb\u00f3n<\/strong><\/p>\n\n\n\n<p style=\"font-size:16px\">Chair: Agust\u00edn Francisco&nbsp;P\u00e9rez Cadenas<br><em>e-mail:&nbsp;<\/em><a href=\"afperez@ugr.es\">afperez@ugr.es<\/a><\/p>\n\n\n\n<p style=\"font-size:16px\">Vice-Chair: Mar\u00eda Covadonga&nbsp;Pevida Garc\u00eda<br><em>e-mail:&nbsp;<\/em><a href=\"cpevida@incar.csic.es\" target=\"_blank\" rel=\"noreferrer noopener\">cpevida@incar.csic.es<\/a><\/p>\n\n\n\n<p style=\"font-size:16px\">Secretary: Fabi\u00e1n&nbsp;Su\u00e1rez Garc\u00eda<br><em>e-mail:&nbsp;<\/em><a href=\"fabian@incar.csic.es\">fabian@incar.csic.es<\/a><\/p>\n\n\n\n<p style=\"font-size:16px\">Treasurer: Tom\u00e1s&nbsp;Garc\u00eda Mart\u00ednez<br><em>e-mail:&nbsp;<\/em><a href=\"https:\/\/poczta.onet.pl\/NowaWiadomosc\/Do\/QlAkBFFKEBx2dgsdBXJ2cQQBfChCchE2Egk%2FZgEXARAfQkFWQwEGF1QnVkFWAwsCBAFWVkQTB3QWAFQHCxVQFEJSEQobBl0wN1BbGFYgYXQWbl0jZRYcVlMe\" target=\"_blank\" rel=\"noreferrer noopener\">tomas@icb.csic.es<\/a><\/p>\n<\/div>\n<\/div>\n\n\n\n<hr class=\"wp-block-separator has-text-color has-cyan-bluish-gray-color has-alpha-channel-opacity has-cyan-bluish-gray-background-color has-background is-style-wide\"\/>\n\n\n\n<div class=\"wp-block-columns is-layout-flex wp-container-core-columns-is-layout-9d6595d7 wp-block-columns-is-layout-flex\">\n<div class=\"wp-block-column is-layout-flow wp-block-column-is-layout-flow\" style=\"flex-basis:33.33%\">\n<figure class=\"wp-block-image size-full\"><a href=\"https:\/\/www.spq.pt\/agenda\/event\/328\/\" target=\"_blank\" rel=\"noreferrer noopener\"><img loading=\"lazy\" decoding=\"async\" width=\"202\" height=\"95\" src=\"http:\/\/europeancarbon.eu\/wp-content\/uploads\/2022\/06\/spq_logo.png\" alt=\"\" class=\"wp-image-69\" srcset=\"https:\/\/europeancarbon.eu\/wp-content\/uploads\/2022\/06\/spq_logo.png 202w, https:\/\/europeancarbon.eu\/wp-content\/uploads\/2022\/06\/spq_logo-150x71.png 150w\" sizes=\"auto, (max-width: 202px) 100vw, 202px\" \/><\/a><\/figure>\n<\/div>\n\n\n\n<div class=\"wp-block-column is-layout-flow wp-block-column-is-layout-flow\" style=\"flex-basis:66.66%\">\n<p><strong>Grupo do Carbono<\/strong><\/p>\n\n\n\n<p style=\"font-size:16px\">President: Ana Paula Baptista de Carvalho<br><em>e-mail:&nbsp;<\/em><a href=\"mailto:ana.carvalho@fc.ul.pt\">ana.carvalho@fc.ul.pt<\/a><\/p>\n\n\n\n<p style=\"font-size:16px\">Past President: Manuel Fernando Ribeiro Pereira<br><em>e-mail:\u00a0<\/em><a href=\"mailto:atav@ua.pt\"><a href=\"mailto:fpereira@fe.up.pt\">fpereira@fe.up.pt<\/a><\/a><\/p>\n\n\n\n<p style=\"font-size:16px\">Future President: Clara Isabel Barbosa Rodrigues Pereira<br><em>e-mail:<\/em> <a href=\"mailto:clara.pereira@fc.up.pt\">clara.pereira@fc.up.pt<\/a><\/p>\n<\/div>\n<\/div>\n\n\n\n<hr class=\"wp-block-separator has-text-color has-cyan-bluish-gray-color has-alpha-channel-opacity has-cyan-bluish-gray-background-color has-background is-style-wide\"\/>\n\n\n\n<div class=\"wp-block-columns is-layout-flex wp-container-core-columns-is-layout-9d6595d7 wp-block-columns-is-layout-flex\">\n<div class=\"wp-block-column is-layout-flow wp-block-column-is-layout-flow\" style=\"flex-basis:33.33%\"><div class=\"wp-block-image\">\n<figure class=\"aligncenter size-full is-resized\"><a href=\"http:\/\/www.ascarbon.com.ua\/\" target=\"_blank\" rel=\"noreferrer noopener\"><img loading=\"lazy\" decoding=\"async\" width=\"164\" height=\"193\" src=\"http:\/\/europeancarbon.eu\/wp-content\/uploads\/2022\/06\/uclogo.png\" alt=\"\" class=\"wp-image-62\" style=\"width:117px;height:138px\" srcset=\"https:\/\/europeancarbon.eu\/wp-content\/uploads\/2022\/06\/uclogo.png 164w, https:\/\/europeancarbon.eu\/wp-content\/uploads\/2022\/06\/uclogo-127x150.png 127w\" sizes=\"auto, (max-width: 164px) 100vw, 164px\" \/><\/a><\/figure>\n<\/div><\/div>\n\n\n\n<div class=\"wp-block-column is-layout-flow wp-block-column-is-layout-flow\" style=\"flex-basis:66.66%\">\n<p><strong><strong>Association \u201eCARBON\u201d in Ukraine&nbsp;(ACU)<\/strong><\/strong><\/p>\n\n\n\n<p style=\"font-size:16px\">Chair: Mykola Kartel<br><em>e-mail:&nbsp;<\/em><a href=\"mailto:nikar@kartel.kiev.ua\">nikar@kartel.kiev.ua<\/a><\/p>\n\n\n\n<p style=\"font-size:16px\"><\/p>\n<\/div>\n<\/div>\n","protected":false},"excerpt":{"rendered":"<p>National Members of the European Carbon Association The following national carbon societies form the basis of the European Carbon Association. Click on a societies logo to visit their homepage. The European Carbon Association is not responsible for the content of these sites. The British Carbon Group Chair: Alex Theodosioue-mail:&nbsp;alex.theodosiou@manchester.ac.uk Secretary:&#8230; <a class=\"continue-reading-link\" href=\"https:\/\/europeancarbon.eu\/index.php\/groups\/\"> Continue reading <span class=\"meta-nav\">&rarr; <\/span><\/a><\/p>\n","protected":false},"author":1,"featured_media":0,"parent":0,"menu_order":0,"comment_status":"closed","ping_status":"closed","template":"","meta":{"footnotes":""},"class_list":["post-32","page","type-page","status-publish","hentry"],"_links":{"self":[{"href":"https:\/\/europeancarbon.eu\/index.php\/wp-json\/wp\/v2\/pages\/32","targetHints":{"allow":["GET"]}}],"collection":[{"href":"https:\/\/europeancarbon.eu\/index.php\/wp-json\/wp\/v2\/pages"}],"about":[{"href":"https:\/\/europeancarbon.eu\/index.php\/wp-json\/wp\/v2\/types\/page"}],"author":[{"embeddable":true,"href":"https:\/\/europeancarbon.eu\/index.php\/wp-json\/wp\/v2\/users\/1"}],"replies":[{"embeddable":true,"href":"https:\/\/europeancarbon.eu\/index.php\/wp-json\/wp\/v2\/comments?post=32"}],"version-history":[{"count":35,"href":"https:\/\/europeancarbon.eu\/index.php\/wp-json\/wp\/v2\/pages\/32\/revisions"}],"predecessor-version":[{"id":648,"href":"https:\/\/europeancarbon.eu\/index.php\/wp-json\/wp\/v2\/pages\/32\/revisions\/648"}],"wp:attachment":[{"href":"https:\/\/europeancarbon.eu\/index.php\/wp-json\/wp\/v2\/media?parent=32"}],"curies":[{"name":"wp","href":"https:\/\/api.w.org\/{rel}","templated":true}]}}